f l.
2
Suppose -5*u + 47 - 7 = 0. Suppose i = 34 + u. Suppose -2*v + 23 = -m + 4*m, 4*m = 3*v + i. What are the prime factors of m?
3
Let s = 64 + -101. Let t = -8 - s. What are the prime factors of t?
29
Suppose 23*r + 590 = 28*r. List the prime factors of r.
2, 59
Suppose 0 = -5*l + 3*l + 28. Let u = 27 - l. What are the prime factors of u?
13
Let a = 105 - 190. Let p = -37 - a. What are the prime factors of p?
2, 3
Suppose 5*z = -0*z + 10. Let w = -4 - -9. Suppose -1 = -z*s + w. What are the prime factors of s?
3
Let q = 73 + -22. Let v = q + -15. List the prime factors of v.
2, 3
Suppose -q + 3*o + 57 = 7*o, 221 = 5*q + 4*o. What are the prime factors of q?
41
Let p(w) = 10*w**3 + 2*w**2 - 2*w + 1. List the prime factors of p(1).
11
Let y be (6/4)/((-3)/(-2)). Suppose -y = -3*s + 2. List the prime factors of 2 + s + 0 + 0.
3
What are the prime factors of -3 - (-1492)/8 - (-1)/2?
2, 23
Let y(p) be the second derivative of 4*p**3/3 - 3*p**2/2 - 5*p. List the prime factors of y(4).
29
Suppose -7*q - 4*c + 115 = -4*q, 0 = 2*q + 5*c - 72. Let h = q + -28. Suppose h - 3 = 2*i. What are the prime factors of i?
5
Let y = -9 + 20. List the prime factors of y.
11
Let q = 129 + -35. List the prime factors of q.
2, 47
Suppose -8*i + i = -1589. List the prime factors of i.
227
Let f = -2 - 2. Let t be (1*9)/(-3 - f). Suppose -t = -2*d + 3. What are the prime factors of d?
2, 3
Let q = -12 + 19. Suppose 65 = -2*y + q*y. What are the prime factors of y?
13
Let m(b) be the first derivative of b**3 - 3*b**2/2 - 3*b + 3. What are the prime factors of m(-2)?
3, 5
Let k(h) = h**2 + h + 1. Let l(c) = -c**2 - 2 - 2 - 4*c**2. Let a(y) = -4*k(y) - l(y). List the prime factors of a(6).
2, 3
Let y(g) = g**2 - 9*g - 10. Let d = -4 - -15. What are the prime factors of y(d)?
2, 3
Suppose -u - 4*u + 410 = 0. List the prime factors of u.
2, 41
Suppose -4*r + 9*r + 144 = i, 0 = r + 4. What are the prime factors of i?
2, 31
Let s be (-30)/(-9) + (-2)/(-3). Suppose 682 = s*l - k + 189, -4*l + 5*k + 497 = 0. What are the prime factors of (-1)/4 + l/12?
2, 5
Let s = 7 + 11. Suppose 0 = -3*y + 222 - s. Suppose 52 = 2*g - 3*i, -3*g + 2*i + y = -0*g. What are the prime factors of g?
2, 5
Suppose -4*o + 50 = -4*p - 30, -3*p = -5*o + 110. Let q = o - 16. What are the prime factors of q?
3
Suppose 113 + 47 = 4*i - 4*a, 3*i = 2*a + 115. What are the prime factors of i?
5, 7
Suppose 0 = h - 3*h, 5*d + 2*h = 355. List the prime factors of d.
71
Let v = 329 + -230. What are the prime factors of v?
3, 11
Let j = -13 - 4. Let h = j + 54. What are the prime factors of h?
37
Suppose -n - n = -3*o - 30, 2*o = 5*n - 53. List the prime factors of n.
3
Suppose u = 3*u + 20. Let j(t) = -t**3 - 9*t**2 + 8*t - 10. What are the prime factors of j(u)?
2, 5
Let d = -21 - -46. What are the prime factors of d?
5
Let i(w) = -7*w**2 - 12*w - 15. Let g(t) = 22 + 18*t + t**2 + 0*t**2 + 9*t**2. Let k(v) = 5*g(v) + 7*i(v). List the prime factors of k(-6).
5
Suppose -3*l = -0*l - g + 130, -5*l - 224 = 2*g. Suppose -3*i + 4*s = 58 + 32, 0 = -2*i + s - 55. Let w = i - l. What are the prime factors of w?
2, 3
Let g be -1*2*10/4. Let t(p) = p**3 + 8*p**2 + 5*p - 4. What are the prime factors of t(g)?
2, 23
Let k(g) = g - 1. Let y be k(11). Suppose -y = a - 27. What are the prime factors of a?
17
Let t(r) = 9*r - 11. Let o be t(9). Suppose 0*j - 2*j = -o. What are the prime factors of j?
5, 7
Let m = 56 - 30. What are the prime factors of m?
2, 13
Suppose y - 40 = 3*y. List the prime factors of -4 - (-3)/3 - y.
17
Let v = -23 + 23. List the prime factors of (28 - v) + -1 + -1.
2, 13
Let y(k) = -9*k - 2. List the prime factors of y(-3).
5
Let c = 82 + -46. Suppose 2*y - 15 = 5*l, -l + 87 = 5*y + c. What are the prime factors of y?
2, 5
Suppose 0 = -3*h + 2*h + 2*y + 30, 4*h = 4*y + 112. List the prime factors of h.
2, 13
Let y(d) = d**2 + 11*d + 9. Let c be y(-8). What are the prime factors of (2 + 3)*(-6)/c?
2
Suppose 3*g + x = 5, 0 = 5*g - x - x - 23. Let u = g - -9. What are the prime factors of u?
2, 3
Suppose -3*a = 4*t - 39, -4*a + 52 = t + 2*t. Suppose -2*w = a - 3, -2*w = -h + 65. What are the prime factors of h?
5, 11
Let c(h) = h**3 - 5*h**2 + 2*h - 7. Let b be c(5). Let r = 89 + -56. Suppose b*j + r = 5*s, 5*s + 0*j + 5*j = 25. What are the prime factors of s?
2, 3
Suppose 5 + 5 = -5*u. Let b be u/(-1 - -3)*9. Let s = 15 + b. What are the prime factors of s?
2, 3
Suppose 0 = -9*v - 122 + 347. List the prime factors of v.
5
Suppose -14*y + 3*y + 2838 = 0. List the prime factors of y.
2, 3, 43
Suppose -v - 5*z = 2*v - 20, -20 = 4*v - 5*z. Suppose 2*k - 5*k + 81 = v. Suppose 2*y = 9 + k. What are the prime factors of y?
2, 3
Let i = 72 + 15. What are the prime factors of i?
3, 29
Let u be (-6)/27 - (-2)/9. Suppose 3*o - 8 - 4 = 0. Let i = o - u. What are the prime factors of i?
2
Let l = -12 - -19. Suppose 0 = -l*k + 2*k + 5. Let m(f) = 4*f**3 - 2*f**2 + 2*f - 1. What are the prime factors of m(k)?
3
Let q = 7 + -5. Suppose 5*g - q*n - 3*n = 135, 4*n + 15 = g. List the prime factors of g.
31
Suppose 0 = y + 5*x + 21, 4*y + 5*x + 11 = 2. What are the prime factors of y/20 - (-236)/20?
2, 3
Let a = 16 + 50. What are the prime factors of a?
2, 3, 11
Suppose 8*k = 13*k - 50. Suppose -4*n + 2 = 4*l + k, -3*n + 3*l + 24 = 0. What are the prime factors of n?
3
Let q(j) = 12*j**2 + j - 6. What are the prime factors of q(3)?
3, 5, 7
Suppose -2*j - 4 = -4*j. What are the prime factors of j?
2
Suppose 3*n + 1039 = 6*n - 4*j, 0 = -5*n - 3*j + 1780. List the prime factors of n.
353
Suppose -4*j + 0*j + 124 = -4*v, -j + 2*v = -32. Suppose -x = -6*x + j. What are the prime factors of x?
2, 3
Let j(f) = 4*f**3 - 7*f**2 - f - 6. Let o(k) = -3*k**3 + 8*k**2 + k + 7. Let i(m) = -7*j(m) - 6*o(m). List the prime factors of i(-1).
2, 5
Suppose -5*d + 51 = -59. What are the prime factors of d?
2, 11
Suppose 3*p + 4*l - 32 = 0, p - 5 - 23 = 3*l. Let v = 28 - 14. Suppose -3*c + v = -p. What are the prime factors of c?
2, 5
Let q = -2 + 5. Suppose 0*y + q*y - 24 = 0. What are the prime factors of y?
2
Let h(t) = 7*t**2 + t - 4. Let q(r) = -1. Let g(f) = h(f) - 4*q(f). What are the prime factors of g(1)?
2
Suppose -b - 18 = -7*b. List the prime factors of b.
3
Suppose -20 = m + m. Let b be (m/8)/(4/(-48)). List the prime factors of (1 + 4)*27/b.
3
Let i = -6 - -3. Let t be (2 + i)*-3 + 0. Suppose -t*g - 32 = -3*b + g, 8 = b - 2*g. What are the prime factors of b?
2
Let f = 15 - 10. Suppose 0*o - f*o = -95. Let a = o + -11. What are the prime factors of a?
2
Let q(w) = -4 + 2 + 3*w**2 - w**3 - 3 + 5*w + 3. Let c be q(4). Suppose 5*j = 3*k - 80, -2*k + 5*j = c*k - 100. List the prime factors of k.
2, 5
Let a(b) = b**2 - 5*b - 4. Let l(v) = 2*v**3 - v**2 - v - 1. Let h be l(-1). What are the prime factors of a(h)?
2, 5
Suppose -q - 2*w = 10 - 90, -196 = -2*q + 5*w. List the prime factors of q.
2, 11
Let z(r) = 5*r**2 + 20*r - 18. Let b(j) = 2*j**2 + 7*j - 6. Let p(h) = 8*b(h) - 3*z(h). List the prime factors of p(4).
2, 3
Let q be 59 + -1 - (4 - 4). Suppose -3*u - 16 = 3*r - q, -2*r + 4 = 0. Let p = u + -6. What are the prime factors of p?
2, 3
Let j be -2*(1 + (6 - 0)). Let p = -9 - j. Suppose -t = -0*t + 3*d + 10, 5*t + p*d = 0. What are the prime factors of t?
5
Suppose -21*v = -8*v - 1131. What are the prime factors of v?
3, 29
What are the prime factors of (6 + 288/(-30))/(6/(-260))?
2, 3, 13
Let l be 13/4 + 2/(-8). Suppose -l*p - 52 = -3*n + 35, 5*n = -2*p + 152. List the prime factors of n.
2, 3, 5
Suppose 10*v = 7*v + 9. Suppose -v*r = 2*f - 51, 2*r + 3*r = -f + 22. What are the prime factors of f?
3
Suppose -4*h + 818 = 42. List the prime factors of h.
2, 97
What are the prime factors of 31/(-124) + (-69)/(-4) + -1?
2
Let c = 14 + -9. Suppose -c*s + 2*k = -24, s + 36 = 5*s + 4*k. List the prime factors of s.
2, 3
List the prime factors of (20 - 21)/((-2)/(-116)*-2).
29
Let y be (-1 + 2)*1*6. Let a(k) = k**3 - 2*k - 3. Let u be a(3). Let m = u - y. What are the prime factors of m?
2, 3
Let c(n) = n**3 - 12*n**2 - 4*n - 12. Let j be c(12). What are the prime factors of 4/14 + j/(-35)?
2
What are the prime factors of 0 + (5 - -1) - -1?
7
Let l(y) = y - 1. Let c be l(5). Let z(f) = -f**3 - f**2 + f - 1. Let m(w) = w**3 + 6*w